6
Calculate the remainder when 27259 is divided by 12.
7
What is the remainder when 33347 is divided by 44?
39
Calculate the remainder when 28414 is divided by 74.
72
Calculate the remainder when 92680 is divided by 461.
19
What is the remainder when 597 is divided by 546?
51
What is the remainder when 750 is divided by 81?
21
Calculate the remainder when 29752 is divided by 9910.
22
What is the remainder when 94057 is divided by 771?
766
Calculate the remainder when 145478 is divided by 71.
70
Calculate the remainder when 83283 is divided by 47.
46
What is the remainder when 30931 is divided by 6?
1
What is the remainder when 59700 is divided by 279?
273
What is the remainder when 202183 is divided by 203?
198
Calculate the remainder when 2916 is divided by 417.
414
Calculate the remainder when 1215 is divided by 202.
3
Calculate the remainder when 69621 is divided by 23201.
18
What is the remainder when 2315601 is divided by 178?
177
What is the remainder when 5125 is divided by 796?
349
Calculate the remainder when 12672 is divided by 1594.
1514
Calculate the remainder when 436150 is divided by 204.
202
What is the remainder when 6670401 is divided by 38?
33
Calculate the remainder when 349 is divided by 324.
25
What is the remainder when 103164 is divided by 913?
908
Calculate the remainder when 21995 is divided by 94.
93
What is the remainder when 266300 is divided by 304?
300
Calculate the remainder when 66317 is divided by 66309.
8
What is the remainder when 6648 is divided by 166?
8
Calculate the remainder when 240667 is divided by 15.
7
Calculate the remainder when 4666 is divided by 239.
125
Calculate the remainder when 3876 is divided by 34.
0
Calculate the remainder when 8561 is divided by 68.
61
Calculate the remainder when 155083 is divided by 77540.
3
Calculate the remainder when 24506 is divided by 1359.
44
What is the remainder when 11082 is divided by 382?
4
Calculate the remainder when 22012 is divided by 32.
28
What is the remainder when 139 is divided by 116?
23
What is the remainder when 2423 is divided by 1180?
63
What is the remainder when 27159 is divided by 406?
363
What is the remainder when 477 is divided by 29?
13
What is the remainder when 53913 is divided by 942?
219
What is the remainder when 14423 is divided by 39?
32
Calculate the remainder when 3434 is divided by 650.
184
What is the remainder when 634668 is divided by 37?
7
What is the remainder when 6859 is divided by 3252?
355
What is the remainder when 15778 is divided by 323?
274
What is the remainder when 386098 is divided by 351?
349
What is the remainder when 512398 is divided by 106?
100
What is the remainder when 277 is divided by 64?
21
Calculate the remainder when 595 is divided by 57.
25
Calculate the remainder when 989726 is divided by 494856.
14
Calculate the remainder when 707402 is divided by 208.
202
What is the remainder when 863 is divided by 508?
355
Calculate the remainder when 1750 is divided by 1316.
434
Calculate the remainder when 19393 is divided by 3876.
13
What is the remainder when 418559 is divided by 12?
11
Calculate the remainder when 11584 is divided by 8.
0
What is the remainder when 2332 is divided by 128?
28
Calculate the remainder when 42685 is divided by 92.
89
Calculate the remainder when 13019 is divided by 84.
83
What is the remainder when 14543 is divided by 1454?
3
What is the remainder when 47658 is divided by 2378?
98
What is the remainder when 17361 is divided by 2164?
49
What is the remainder when 4259 is divided by 1159?
782
What is the remainder when 358 is divided by 112?
22
Calculate the remainder when 2571471 is divided by 929.
928
What is the remainder when 22265 is divided by 4358?
475
Calculate the remainder when 13959 is divided by 122.
51
Calculate the remainder when 503609 is divided by 274.
271
Calculate the remainder when 436293 is divided by 3.
0
What is the remainder when 28517 is divided by 20?
17
What is the remainder when 17678 is divided by 272?
270
Calculate the remainder when 15941 is divided by 40.
21
Calculate the remainder when 21292 is divided by 781.
205
Calculate the remainder when 139398 is divided by 10.
8
Calculate the remainder when 74267 is divided by 977.
15
Calculate the remainder when 69194 is divided by 744.
2
Calculate the remainder when 17839 is divided by 416.
367
What is the remainder when 65101 is divided by 6?
1
Calculate the remainder when 887 is divided by 259.
110
What is the remainder when 17363 is divided by 726?
665
What is the remainder when 184547 is divided by 1054?
97
What is the remainder when 669 is divided by 131?
14
What is the remainder when 36510 is divided by 1014?
6
What is the remainder when 13311 is divided by 746?
629
What is the remainder when 32059 is divided by 70?
69
Calculate the remainder when 10460 is divided by 947.
43
Calculate the remainder when 16150 is divided by 29.
26
Calculate the remainder when 197569 is divided by 7317.
10
What is the remainder when 5963137 is divided by 1053?
1051
Calculate the remainder when 1675 is divided by 408.
43
Calculate the remainder when 11784 is divided by 5870.
44
What is the remainder when 2666 is divided by 655?
46
What is the remainder when 23374 is divided by 78?
52
What is the remainder when 5916 is divided by 38?
26
What is the remainder when 21388 is divided by 1944?
4
What is the remainder when 19740 is divided by 1501?
227
What is the remainder when 867 is divided by 396?
75
Calculate the remainder when 1320987 is divided by 10.
7
Calculate the remainder when 620992 is divided by 38.
34
What is the remainder when 106888 is divided by 471?
442
What is the remainder when 254520 is divided by 17?
13
Calculate the remainder when 69540 is divided by 13902.
30
Calculate the remainder when 2244160 is divided by 335.
330
Calculate the remainder when 12685 is divided by 3.
1
Calculate the remainder when 23895 is divided by 1327.
9
What is the remainder when 138509 is divided by 36?
17
Calculate the remainder when 12823 is divided by 298.
9
What is the remainder when 53538 is divided by 154?
100
What is the remainder when 5652 is divided by 95?
47
Calculate the remainder when 5469 is divided by 606.
15
Calculate the remainder when 709777 is divided by 219.
217
What is the remainder when 215856 is divided by 73?
68
What is the remainder when 2696 is divided by 115?
51
Calculate the remainder when 192419 is divided by 343.
339
Calculate the remainder when 197702 is divided by 98842.
18
What is the remainder when 5917 is divided by 296?
293
Calculate the remainder when 85634 is divided by 3.
2
What is the remainder when 70603 is divided by 666?
7
What is the remainder when 507159 is divided by 409?
408
Calculate the remainder when 6671 is divided by 489.
314
Calculate the remainder when 91710 is divided by 42.
24
Calculate the remainder when 5242 is divided by 24.
10
What is the remainder when 1178 is divided by 166?
16
What is the remainder when 182650 is divided by 22825?
50
Calculate the remainder when 54419 is divided by 146.
107
What is the remainder when 200938 is divided by 217?
213
What is the remainder when 2050 is divided by 137?
132
What is the remainder when 12427 is divided by 737?
635
Calculate the remainder when 1733 is divided by 244.
25
Calculate the remainder when 11841 is divided by 369.
33
Calculate the remainder when 1137 is divided by 192.
177
What is the remainder when 15650 is divided by 2597?
68
What is the remainder when 4563 is divided by 1490?
93
What is the remainder when 4693 is divided by 2346?
1
Calculate the remainder when 26824 is divided by 155.
9
Calculate the remainder when 143739 is divided by 20.
19
What is the remainder when 102034 is divided by 20?
14
What is the remainder when 1622 is divided by 32?
22
What is the remainder when 20303 is divided by 14?
3
What is the remainder when 1518569 is divided by 423?
422
Calculate the remainder when 488065 is divided by 145.
140
What is the remainder when 11446 is divided by 84?
22
Calculate the remainder when 1827 is divided by 56.
35
What is the remainder when 6562 is divided by 63?
10
Calculate the remainder when 149 is divided by 28.
9
What is the remainder when 2080 is divided by 923?
234
Calculate the remainder when